/(-15). What is the greatest common divisor of x and w?
20
Suppose -3*k + 21 = 3*r, 0 = 5*r - 3*k + 1 - 4. Let b = r + -13. Let x be 4/b - (-504)/10. Calculate the highest common factor of x and 25.
25
Let r be (-20)/(-28) - -1 - 6/(-21). Suppose -r*k - c + 127 = 0, 7*k - c - 251 = 3*k. Calculate the greatest common factor of k and 9.
9
Let u = -29 + -33. Let l = u + 64. Suppose -l*w - 240 = -4*w. Calculate the greatest common divisor of w and 15.
15
Let u(f) = 494*f - 117. Let p(v) = -17*v + 4. Let m(r) = -117*p(r) - 4*u(r). Let a be m(3). Let d = 43 - a. What is the greatest common factor of 1 and d?
1
Let j = 3231 + 9769. What is the highest common factor of j and 104?
104
Let i = -58268 - -111668. Calculate the highest common divisor of i and 200.
200
Let j(o) = -o**3 + 5*o**2 - 4*o - 2. Let g be j(3). Suppose 2*s = g*m - 10, -s - 2*s + 9 = 2*m. Calculate the highest common factor of 17 and s.
1
Suppose j = a - 21, 5*a + 33 - 117 = -2*j. Calculate the highest common factor of 15975 and a.
9
Let p be -18*(-2 - (25 - 2)). Calculate the highest common divisor of p and 50.
50
Suppose 0 = 4*g - 4*v - 156, 0 = 24*v - 21*v. Let q be 24/10 + (-18)/(-30). Calculate the highest common factor of q and g.
3
Suppose 537 - 119 = 11*z. Let i = 50 + z. Calculate the greatest common factor of i and 33.
11
Let l = 319 - 310. Suppose l*x = 473 + 1039. What is the highest common divisor of x and 72?
24
Suppose -17920 = -75*x + 5930. What is the highest common factor of x and 3392?
106
Suppose 0 = 4*z + 75 - 123. Suppose -z*g + 15*g = 330. Calculate the highest common divisor of 33 and g.
11
Suppose 1810*n = 4*k + 1811*n - 85, 0 = 4*k - n - 83. Let y be -1*(-5 - -3) - 1. Calculate the greatest common factor of k and y.
1
Suppose -732 = -5*o - t + 2398, -3*t - 3150 = -5*o. Suppose 11*g - o = 473. What is the highest common factor of g and 40?
20
Suppose 9530 - 46788 = -53*h + 1803. What is the highest common divisor of 201 and h?
67
Let l be (-38)/209 + 2/(44/70). Let s(t) = -7 - t**l + 6*t**2 - 5*t**2 - 5*t**2 - 6*t. Let u be s(-4). What is the highest common divisor of u and 170?
17
Suppose 72 + 27 = j. Let h(c) = c**2 + 18*c + 90. Let r be 120/(-16) + 3/(-4)*2. Let i be h(r). What is the greatest common factor of j and i?
9
Let c = -194 - -515. Let m = 477 - c. Calculate the greatest common factor of m and 13.
13
Let h = 88 - 48. Let u(j) = -2*j**2 - 101*j + 160. Let t be u(-52). What is the highest common divisor of h and t?
4
Let o = -11494 - -11530. Calculate the greatest common factor of 11484 and o.
36
Let s(g) = -4*g**2. Let v be s(-1). Let a = -862 - -813. Let y = v - a. Calculate the greatest common divisor of y and 15.
15
Let f(q) = 2*q**2 - 56*q + 153. Let i be f(26). What is the greatest common divisor of i and 329?
7
Let i = -10 + 16. Let g be (-5)/(25/i)*-65. Suppose 0 = -249*u + 260*u - 286. What is the greatest common factor of u and g?
26
Let r(n) = -n**3 + 2*n**2 - 3*n - 4. Let b be r(-2). Let o = 1096 - 1024. What is the greatest common divisor of o and b?
18
Suppose -4*u - 21 - 7 = 0. Let v = u + 10. Suppose 217 = v*t + 67. Calculate the highest common divisor of t and 20.
10
Suppose 5*k + 3*k - 17*k = -630. Calculate the greatest common divisor of 22190 and k.
70
Let h(m) = -2*m**2 - m + 663. Let l be h(-18). Calculate the highest common factor of l and 14817.
33
Let y = 856 - 514. Let p be (13/3)/(-6*(-1)/y). What is the highest common divisor of 19 and p?
19
Suppose u - 2*g - 9 = 0, -38*u + 42*u = g + 134. Let j = 1777 + -926. What is the greatest common factor of u and j?
37
Suppose 0 = 2*p + p - a - 7, -3 = -4*p - 5*a. Suppose -p*c + 6 = -0*c. Let b = -15238 + 15239. What is the highest common factor of b and c?
1
Let c = 158 - 143. Let l = 255 - c. Calculate the highest common factor of l and 20.
20
Let g(d) = -2*d**3 - 9*d**2 - 10*d - 220. Let a be g(-8). Calculate the highest common divisor of a and 10318.
154
Let t(z) = -z**3 - 21*z**2 - 20*z + 13. Suppose -26*k + 21*k = 4*n + 65, 0 = n - 5*k + 35. Let q be t(n). What is the greatest common factor of q and 39?
13
Let j = -11422 + 11442. What is the highest common factor of j and 1130?
10
Suppose 406*k = 408*k + 4*s - 54, 3*s + 89 = 2*k. What is the greatest common divisor of 5513 and k?
37
Suppose -4*h + 42 = 10. Let k(i) be the second derivative of 13*i**3/3 + 59*i**2 + 368*i. Let b be k(-3). What is the highest common divisor of h and b?
8
Suppose -83 - 2 = 5*g. Let d = g - -35. Suppose 0 = -j + 5*j + 4, 2*w - 16 = -2*j. Calculate the greatest common divisor of w and d.
9
Suppose 4*f - 5*f = -128. Let w be (f/(-20))/((-1)/5). Let x be 105 + (-10 - (5 - 6)). Calculate the greatest common divisor of w and x.
32
Let y(l) = -l**2 - 49*l - 272. Let i be y(-41). Suppose -74 - 12 = -3*t + j, -10 = 5*j. What is the greatest common factor of t and i?
28
Suppose 0 = 129*f - 98138 + 3194. Calculate the greatest common factor of f and 32.
32
Let h(c) = 4*c**3 - 4*c**2 - c + 1. Let v = 80 - 77. Let s be h(v). Suppose 5*f - 9 - 61 = 0. What is the greatest common factor of s and f?
14
Let c = -7887 - -7932. What is the greatest common divisor of 774 and c?
9
Let k(i) = i**3 - 538*i - 35*i**2 + 545*i - 82 - 7. Let u be k(35). What is the greatest common divisor of 91 and u?
13
Let l(r) = -232*r + 1656. Let s be l(7). Let z = -57 + 665. What is the highest common factor of s and z?
32
Suppose -2*q + 3142 = 4*x - 5940, 0 = -3*x - 4*q + 6789. What is the greatest common divisor of x and 117?
13
Suppose -4*o = -4*f - 28, 2*f + f + 11 = -2*o. Suppose -t - 130 = -o*t. Suppose 12*w = 71*w - 767. Calculate the highest common factor of t and w.
13
Let i be (-2)/(-56) + (-665253)/(-756). What is the greatest common factor of 605 and i?
55
Let n(m) = -10*m**2 + 6*m + 17. Let l be n(-3). Let z = l + 157. Calculate the highest common factor of z and 77.
11
Let c(l) = 6*l + 621. Let w be c(-85). What is the greatest common factor of 6549 and w?
111
Let s = -21 + 34. Let u = 51464 + -51438. What is the greatest common factor of s and u?
13
Let z(a) = a**3 - 41*a**2 - 14*a + 444. Let t be z(42). What is the highest common factor of t and 60?
60
Suppose 4*z - 2*b + 6 = 0, 2*z - 5*b + 24 = z. Let x be (-5 - (-151)/6) + z/(-6). Let l = 32 - 27. What is the greatest common factor of x and l?
5
Let y(f) be the second derivative of -5*f**3/3 + 187*f**2/2 - 145*f. Let s be y(16). Let v = 636 - 339. Calculate the greatest common factor of s and v.
27
Let c be -3 + -1 - (5 - 1)*-1. Suppose c = 5*z + 5, 0 = -2*r - 2*z + 143 + 287. What is the greatest common divisor of 36 and r?
36
Let j = 8273 + -8247. What is the highest common factor of j and 24401?
13
Suppose -697 = -5*y + n, -352 + 927 = 4*y + 5*n. Calculate the greatest common divisor of 180 and y.
20
Let h be (0/3)/(-6 + 8). Suppose 0*i - 4*u = i - 24, i + 5*u - 22 = h. What is the highest common factor of i and 96?
32
Suppose 0 = h + 13*h - 7000. What is the highest common divisor of h and 40?
20
Suppose -2*v + 30 + 12 = 0. Suppose 5*d = v*d - 32. Suppose 5*l = d*i + 111 - 16, 0 = 3*l - 3*i - 48. Calculate the greatest common divisor of l and 6.
3
Let d = 68 + -59. Suppose d*c - 335 = 88. What is the highest common factor of 517 and c?
47
Let m be (-2)/(3/((-18)/3)). Suppose 5*q = 7 + 3. Suppose 29 = j - q*g, -g + 55 = m*j - 52. What is the highest common factor of j and 18?
9
Let w(y) = 2*y**3 - 2*y**2 - 6*y + 170. Let j be w(0). Let r be (-688)/(-20) + (-2)/5. What is the greatest common divisor of r and j?
34
Let g = 12126 + -11678. Calculate the highest common divisor of 9072 and g.
112
Let f = 172 - 137. Suppose 68 = 3*j + i, -3*i = -5*j + f + 97. What is the highest common divisor of j and 552?
24
Let q(c) = -26*c**3 + 57*c**2 + 25*c**3 - 19*c**2 + 22 - c + 3*c. Let i be q(38). What is the greatest common factor of i and 56?
14
Suppose 212*n - 102*n - 104 = 102*n. What is the highest common factor of 377 and n?
13
Suppose 47*m - 39*m - 31416 = 0. What is the highest common divisor of m and 187?
187
Let t be (-694296)/(-132) - 18/(-99). What is the greatest common factor of t and 40?
20
Let n be (916 + 1)/(-7)*-1. Let x = n + -106. Suppose 7*g = 3*g + 40. What is the greatest common divisor of g and x?
5
Suppose 9*h - 3*h = 30. Suppose 2*x = -h*i + 30